{"id":15,"date":"2023-03-02T13:40:01","date_gmt":"2023-03-02T13:40:01","guid":{"rendered":"https:\/\/voelcker.serviceboxen.dk\/?post_type=product&#038;p=15"},"modified":"2023-03-08T03:00:45","modified_gmt":"2023-03-08T03:00:45","slug":"ler","status":"publish","type":"product","link":"https:\/\/voelcker.serviceboxen.dk\/index.php\/vare\/ler\/","title":{"rendered":"Ler"},"content":{"rendered":"<p>Ler &#8211; skulpturler<\/p>\n<p>Her finder du den l\u00e6kreste ler, som er nem at forme og arbejde med h\u00e6nderne.<\/p>\n<p>N\u00e5r du former leret, s\u00e5 er det kun fantastien der s\u00e6tter begr\u00e6nsningerne.<\/p>\n","protected":false},"excerpt":{"rendered":"<p>Du kan bruge leret som du har lyst til. Det er kun fantasien der s\u00e6tter gr\u00e6nser. Leret er let og bl\u00f8dt.<\/p>\n","protected":false},"featured_media":16,"comment_status":"open","ping_status":"closed","template":"","meta":{"site-sidebar-layout":"default","site-content-layout":"","ast-site-content-layout":"","site-content-style":"default","site-sidebar-style":"default","ast-global-header-display":"","ast-banner-title-visibility":"","ast-main-header-display":"","ast-hfb-above-header-display":"","ast-hfb-below-header-display":"","ast-hfb-mobile-header-display":"","site-post-title":"","ast-breadcrumbs-content":"","ast-featured-img":"","footer-sml-layout":"","theme-transparent-header-meta":"","adv-header-id-meta":"","stick-header-meta":"","header-above-stick-meta":"","header-main-stick-meta":"","header-below-stick-meta":"","astra-migrate-meta-layouts":"default","ast-page-background-enabled":"default","ast-page-background-meta":{"desktop":{"background-color":"var(--ast-global-color-4)","background-image":"","background-repeat":"repeat","background-position":"center center","background-size":"auto","background-attachment":"scroll","background-type":"","background-media":"","overlay-type":"","overlay-color":"","overlay-gradient":""},"tablet":{"background-color":"","background-image":"","background-repeat":"repeat","background-position":"center center","background-size":"auto","background-attachment":"scroll","background-type":"","background-media":"","overlay-type":"","overlay-color":"","overlay-gradient":""},"mobile":{"background-color":"","background-image":"","background-repeat":"repeat","background-position":"center center","background-size":"auto","background-attachment":"scroll","background-type":"","background-media":"","overlay-type":"","overlay-color":"","overlay-gradient":""}},"ast-content-background-meta":{"desktop":{"background-color":"var(--ast-global-color-5)","background-image":"","background-repeat":"repeat","background-position":"center center","background-size":"auto","background-attachment":"scroll","background-type":"","background-media":"","overlay-type":"","overlay-color":"","overlay-gradient":""},"tablet":{"background-color":"var(--ast-global-color-5)","background-image":"","background-repeat":"repeat","background-position":"center center","background-size":"auto","background-attachment":"scroll","background-type":"","background-media":"","overlay-type":"","overlay-color":"","overlay-gradient":""},"mobile":{"background-color":"var(--ast-global-color-5)","background-image":"","background-repeat":"repeat","background-position":"center center","background-size":"auto","background-attachment":"scroll","background-type":"","background-media":"","overlay-type":"","overlay-color":"","overlay-gradient":""}}},"product_cat":[17],"product_tag":[20,18,21,19],"yoast_head":"<!-- This site is optimized with the Yoast SEO plugin v23.5 - https:\/\/yoast.com\/wordpress\/plugins\/seo\/ -->\n<title>Ler -<\/title>\n<meta name=\"description\" content=\"Lav dine egne skulpturer i ler. Leret er bl\u00f8dt og let at forme. Det er kun din fantasi, som s\u00e6tter gr\u00e6nsen for dine kreative evner.\" \/>\n<meta name=\"robots\" content=\"noindex, follow, max-snippet:-1, max-image-preview:large, max-video-preview:-1\" \/>\n<meta property=\"og:locale\" content=\"da_DK\" \/>\n<meta property=\"og:type\" content=\"article\" \/>\n<meta property=\"og:title\" content=\"Ler -\" \/>\n<meta property=\"og:description\" content=\"Lav dine egne skulpturer i ler. Leret er bl\u00f8dt og let at forme. Det er kun din fantasi, som s\u00e6tter gr\u00e6nsen for dine kreative evner.\" \/>\n<meta property=\"og:url\" content=\"https:\/\/voelcker.serviceboxen.dk\/index.php\/vare\/ler\/\" \/>\n<meta property=\"article:modified_time\" content=\"2023-03-08T03:00:45+00:00\" \/>\n<meta property=\"og:image\" content=\"https:\/\/voelcker.serviceboxen.dk\/wp-content\/uploads\/2023\/03\/Ler-scaled-e1677764195606.jpg\" \/>\n\t<meta property=\"og:image:width\" content=\"600\" \/>\n\t<meta property=\"og:image:height\" content=\"725\" \/>\n\t<meta property=\"og:image:type\" content=\"image\/jpeg\" \/>\n<meta name=\"twitter:card\" content=\"summary_large_image\" \/>\n<meta name=\"twitter:label1\" content=\"Estimeret l\u00e6setid\" \/>\n\t<meta name=\"twitter:data1\" content=\"1 minut\" \/>\n<script type=\"application\/ld+json\" class=\"yoast-schema-graph\">{\"@context\":\"https:\/\/schema.org\",\"@graph\":[{\"@type\":\"WebPage\",\"@id\":\"https:\/\/voelcker.serviceboxen.dk\/index.php\/vare\/ler\/\",\"url\":\"https:\/\/voelcker.serviceboxen.dk\/index.php\/vare\/ler\/\",\"name\":\"Ler -\",\"isPartOf\":{\"@id\":\"https:\/\/voelcker.serviceboxen.dk\/#website\"},\"primaryImageOfPage\":{\"@id\":\"https:\/\/voelcker.serviceboxen.dk\/index.php\/vare\/ler\/#primaryimage\"},\"image\":{\"@id\":\"https:\/\/voelcker.serviceboxen.dk\/index.php\/vare\/ler\/#primaryimage\"},\"thumbnailUrl\":\"https:\/\/voelcker.serviceboxen.dk\/wp-content\/uploads\/2023\/03\/Ler-scaled-e1677764195606.jpg\",\"datePublished\":\"2023-03-02T13:40:01+00:00\",\"dateModified\":\"2023-03-08T03:00:45+00:00\",\"description\":\"Lav dine egne skulpturer i ler. Leret er bl\u00f8dt og let at forme. Det er kun din fantasi, som s\u00e6tter gr\u00e6nsen for dine kreative evner.\",\"breadcrumb\":{\"@id\":\"https:\/\/voelcker.serviceboxen.dk\/index.php\/vare\/ler\/#breadcrumb\"},\"inLanguage\":\"da-DK\",\"potentialAction\":[{\"@type\":\"ReadAction\",\"target\":[\"https:\/\/voelcker.serviceboxen.dk\/index.php\/vare\/ler\/\"]}]},{\"@type\":\"ImageObject\",\"inLanguage\":\"da-DK\",\"@id\":\"https:\/\/voelcker.serviceboxen.dk\/index.php\/vare\/ler\/#primaryimage\",\"url\":\"https:\/\/voelcker.serviceboxen.dk\/wp-content\/uploads\/2023\/03\/Ler-scaled-e1677764195606.jpg\",\"contentUrl\":\"https:\/\/voelcker.serviceboxen.dk\/wp-content\/uploads\/2023\/03\/Ler-scaled-e1677764195606.jpg\",\"width\":600,\"height\":725,\"caption\":\"Ler til krea-ting\"},{\"@type\":\"BreadcrumbList\",\"@id\":\"https:\/\/voelcker.serviceboxen.dk\/index.php\/vare\/ler\/#breadcrumb\",\"itemListElement\":[{\"@type\":\"ListItem\",\"position\":1,\"name\":\"Hjem\",\"item\":\"https:\/\/voelcker.serviceboxen.dk\/\"},{\"@type\":\"ListItem\",\"position\":2,\"name\":\"Shop\",\"item\":\"https:\/\/voelcker.serviceboxen.dk\/index.php\/shop\/\"},{\"@type\":\"ListItem\",\"position\":3,\"name\":\"Ler\"}]},{\"@type\":\"WebSite\",\"@id\":\"https:\/\/voelcker.serviceboxen.dk\/#website\",\"url\":\"https:\/\/voelcker.serviceboxen.dk\/\",\"name\":\"\",\"description\":\"eksklusive bronzeskulpturer\",\"potentialAction\":[{\"@type\":\"SearchAction\",\"target\":{\"@type\":\"EntryPoint\",\"urlTemplate\":\"https:\/\/voelcker.serviceboxen.dk\/?s={search_term_string}\"},\"query-input\":{\"@type\":\"PropertyValueSpecification\",\"valueRequired\":true,\"valueName\":\"search_term_string\"}}],\"inLanguage\":\"da-DK\"}]}<\/script>\n<!-- \/ Yoast SEO plugin. -->","yoast_head_json":{"title":"Ler -","description":"Lav dine egne skulpturer i ler. Leret er bl\u00f8dt og let at forme. Det er kun din fantasi, som s\u00e6tter gr\u00e6nsen for dine kreative evner.","robots":{"index":"noindex","follow":"follow","max-snippet":"max-snippet:-1","max-image-preview":"max-image-preview:large","max-video-preview":"max-video-preview:-1"},"og_locale":"da_DK","og_type":"article","og_title":"Ler -","og_description":"Lav dine egne skulpturer i ler. Leret er bl\u00f8dt og let at forme. Det er kun din fantasi, som s\u00e6tter gr\u00e6nsen for dine kreative evner.","og_url":"https:\/\/voelcker.serviceboxen.dk\/index.php\/vare\/ler\/","article_modified_time":"2023-03-08T03:00:45+00:00","og_image":[{"width":600,"height":725,"url":"https:\/\/voelcker.serviceboxen.dk\/wp-content\/uploads\/2023\/03\/Ler-scaled-e1677764195606.jpg","type":"image\/jpeg"}],"twitter_card":"summary_large_image","twitter_misc":{"Estimeret l\u00e6setid":"1 minut"},"schema":{"@context":"https:\/\/schema.org","@graph":[{"@type":"WebPage","@id":"https:\/\/voelcker.serviceboxen.dk\/index.php\/vare\/ler\/","url":"https:\/\/voelcker.serviceboxen.dk\/index.php\/vare\/ler\/","name":"Ler -","isPartOf":{"@id":"https:\/\/voelcker.serviceboxen.dk\/#website"},"primaryImageOfPage":{"@id":"https:\/\/voelcker.serviceboxen.dk\/index.php\/vare\/ler\/#primaryimage"},"image":{"@id":"https:\/\/voelcker.serviceboxen.dk\/index.php\/vare\/ler\/#primaryimage"},"thumbnailUrl":"https:\/\/voelcker.serviceboxen.dk\/wp-content\/uploads\/2023\/03\/Ler-scaled-e1677764195606.jpg","datePublished":"2023-03-02T13:40:01+00:00","dateModified":"2023-03-08T03:00:45+00:00","description":"Lav dine egne skulpturer i ler. Leret er bl\u00f8dt og let at forme. Det er kun din fantasi, som s\u00e6tter gr\u00e6nsen for dine kreative evner.","breadcrumb":{"@id":"https:\/\/voelcker.serviceboxen.dk\/index.php\/vare\/ler\/#breadcrumb"},"inLanguage":"da-DK","potentialAction":[{"@type":"ReadAction","target":["https:\/\/voelcker.serviceboxen.dk\/index.php\/vare\/ler\/"]}]},{"@type":"ImageObject","inLanguage":"da-DK","@id":"https:\/\/voelcker.serviceboxen.dk\/index.php\/vare\/ler\/#primaryimage","url":"https:\/\/voelcker.serviceboxen.dk\/wp-content\/uploads\/2023\/03\/Ler-scaled-e1677764195606.jpg","contentUrl":"https:\/\/voelcker.serviceboxen.dk\/wp-content\/uploads\/2023\/03\/Ler-scaled-e1677764195606.jpg","width":600,"height":725,"caption":"Ler til krea-ting"},{"@type":"BreadcrumbList","@id":"https:\/\/voelcker.serviceboxen.dk\/index.php\/vare\/ler\/#breadcrumb","itemListElement":[{"@type":"ListItem","position":1,"name":"Hjem","item":"https:\/\/voelcker.serviceboxen.dk\/"},{"@type":"ListItem","position":2,"name":"Shop","item":"https:\/\/voelcker.serviceboxen.dk\/index.php\/shop\/"},{"@type":"ListItem","position":3,"name":"Ler"}]},{"@type":"WebSite","@id":"https:\/\/voelcker.serviceboxen.dk\/#website","url":"https:\/\/voelcker.serviceboxen.dk\/","name":"","description":"eksklusive bronzeskulpturer","potentialAction":[{"@type":"SearchAction","target":{"@type":"EntryPoint","urlTemplate":"https:\/\/voelcker.serviceboxen.dk\/?s={search_term_string}"},"query-input":{"@type":"PropertyValueSpecification","valueRequired":true,"valueName":"search_term_string"}}],"inLanguage":"da-DK"}]}},"_links":{"self":[{"href":"https:\/\/voelcker.serviceboxen.dk\/index.php\/wp-json\/wp\/v2\/product\/15"}],"collection":[{"href":"https:\/\/voelcker.serviceboxen.dk\/index.php\/wp-json\/wp\/v2\/product"}],"about":[{"href":"https:\/\/voelcker.serviceboxen.dk\/index.php\/wp-json\/wp\/v2\/types\/product"}],"replies":[{"embeddable":true,"href":"https:\/\/voelcker.serviceboxen.dk\/index.php\/wp-json\/wp\/v2\/comments?post=15"}],"version-history":[{"count":0,"href":"https:\/\/voelcker.serviceboxen.dk\/index.php\/wp-json\/wp\/v2\/product\/15\/revisions"}],"wp:featuredmedia":[{"embeddable":true,"href":"https:\/\/voelcker.serviceboxen.dk\/index.php\/wp-json\/wp\/v2\/media\/16"}],"wp:attachment":[{"href":"https:\/\/voelcker.serviceboxen.dk\/index.php\/wp-json\/wp\/v2\/media?parent=15"}],"wp:term":[{"taxonomy":"product_cat","embeddable":true,"href":"https:\/\/voelcker.serviceboxen.dk\/index.php\/wp-json\/wp\/v2\/product_cat?post=15"},{"taxonomy":"product_tag","embeddable":true,"href":"https:\/\/voelcker.serviceboxen.dk\/index.php\/wp-json\/wp\/v2\/product_tag?post=15"}],"curies":[{"name":"wp","href":"https:\/\/api.w.org\/{rel}","templated":true}]}}